{"id":386,"date":"2016-10-11T17:32:59","date_gmt":"2016-10-11T14:32:59","guid":{"rendered":"http:\/\/termtech.com.tr\/?page_id=386"},"modified":"2019-05-30T12:31:13","modified_gmt":"2019-05-30T09:31:13","slug":"about-us","status":"publish","type":"page","link":"https:\/\/termtech.com.tr\/index.php\/language\/en\/about-us\/","title":{"rendered":"ABOUT US"},"content":{"rendered":"<p>[vc_row css_animation=&#8221;&#8221; row_type=&#8221;row&#8221; use_row_as_full_screen_section=&#8221;no&#8221; type=&#8221;full_width&#8221; angled_section=&#8221;no&#8221; text_align=&#8221;left&#8221; background_image_as_pattern=&#8221;without_pattern&#8221; el_class=&#8221;headerRow&#8221; z_index=&#8221;&#8221;][vc_column][vc_row_inner row_type=&#8221;row&#8221; type=&#8221;grid&#8221; text_align=&#8221;left&#8221; css_animation=&#8221;&#8221; el_class=&#8221;headerContentRow&#8221;][vc_column_inner][vc_column_text]<\/p>\n<h3>ABOUT US<\/h3>\n<p>[\/vc_column_text][\/vc_column_inner][\/vc_row_inner][\/vc_column][\/vc_row][vc_row css_animation=&#8221;element_from_right&#8221; row_type=&#8221;row&#8221; use_row_as_full_screen_section=&#8221;no&#8221; type=&#8221;grid&#8221; angled_section=&#8221;no&#8221; text_align=&#8221;left&#8221; background_image_as_pattern=&#8221;without_pattern&#8221; z_index=&#8221;&#8221; el_class=&#8221;contentRow&#8221;][vc_column width=&#8221;1\/2&#8243;][vc_single_image image=&#8221;620&#8243; img_size=&#8221;large&#8221; qode_css_animation=&#8221;&#8221; el_class=&#8221;imgResponsive&#8221;][\/vc_column][vc_column width=&#8221;1\/2&#8243;][vc_column_text]<\/p>\n<div class=\"contentBlock\">\n<h3 class=\"contentTitle\">Active Solutions for Self Service Devices<\/h3>\n<p><strong>TermTech<\/strong> (a combination of Terminal and Technology words), is a company established in 2006 aiming to produce products providing management of ATM and Kiosk terminals especially for security purposes. Besides all those products, <strong>TermTech<\/strong> continues its research and development activities in order to provide facilitating products for institutions with a broad customer base.<\/p>\n<\/div>\n<p>[\/vc_column_text][\/vc_column][\/vc_row][vc_row css_animation=&#8221;&#8221; row_type=&#8221;row&#8221; use_row_as_full_screen_section=&#8221;no&#8221; type=&#8221;full_width&#8221; angled_section=&#8221;no&#8221; text_align=&#8221;left&#8221; background_image=&#8221;1512&#8243; background_image_as_pattern=&#8221;without_pattern&#8221; el_class=&#8221;sectionRow hide&#8221; z_index=&#8221;&#8221;][vc_column][vc_row_inner row_type=&#8221;row&#8221; type=&#8221;grid&#8221; text_align=&#8221;left&#8221; background_color=&#8221;transparent&#8221; css_animation=&#8221;&#8221;][vc_column_inner width=&#8221;1\/4&#8243;]<div class=\"q_counter_holder  center\" style=\"\"><span class=\"counter  random\" style=\"color: #fbfbfb;font-size: 62px;font-weight: 300;\">3200<\/span><p class=\"counter_text\" style=\"color: #fbfbfb;\">BA\u015eARILI KURULUM<\/p><\/div>[\/vc_column_inner][vc_column_inner width=&#8221;1\/4&#8243;]<div class=\"q_counter_holder  center\" style=\"\"><span class=\"counter  random\" style=\"color: #fbfbfb;font-size: 62px;font-weight: 300;\">12800<\/span><p class=\"counter_text\" style=\"color: #fbfbfb;\">SAAT SERV\u0130S H\u0130ZMET\u0130<\/p><\/div>[\/vc_column_inner][vc_column_inner width=&#8221;1\/4&#8243;]<div class=\"q_counter_holder  center\" style=\"\"><span class=\"counter  random\" style=\"color: #fbfbfb;font-size: 62px;font-weight: 300;\">13<\/span><p class=\"counter_text\" style=\"color: #fbfbfb;\">YILLIK DENEY\u0130M<\/p><\/div>[\/vc_column_inner][vc_column_inner width=&#8221;1\/4&#8243;]<div class=\"q_counter_holder  center\" style=\"\"><span class=\"counter  random\" style=\"color: #fbfbfb;font-size: 62px;font-weight: 300;\">17<\/span><p class=\"counter_text\" style=\"color: #fbfbfb;\">TEKN\u0130K PERSONEL<\/p><\/div>[\/vc_column_inner][\/vc_row_inner][\/vc_column][\/vc_row][vc_row css_animation=&#8221;element_from_left&#8221; row_type=&#8221;row&#8221; use_row_as_full_screen_section=&#8221;no&#8221; type=&#8221;grid&#8221; angled_section=&#8221;no&#8221; text_align=&#8221;left&#8221; background_image_as_pattern=&#8221;without_pattern&#8221; el_class=&#8221;contentRow lastRow&#8221; z_index=&#8221;&#8221;][vc_column width=&#8221;1\/2&#8243;][vc_column_text]<\/p>\n<div class=\"contentBlock\">\n<h3 class=\"contentTitle text-center\">OUR MISSION<\/h3>\n<p>To generate useful projects which simplifies life via products having superior features and by using innovative approaches and offerings of new technologies.<\/p>\n<p><strong>TermTech<\/strong> believes that every utilizable and beneficial service returns as success and identifies company priorities considering the customers&#8217; benefits at every stage.<\/p>\n<\/div>\n<p>[\/vc_column_text][\/vc_column][vc_column width=&#8221;1\/2&#8243; el_class=&#8221;colLeftBordered&#8221;][vc_column_text]<\/p>\n<div class=\"contentBlock\">\n<h3 class=\"contentTitle text-center\">OUR GENERAL APPROACH<\/h3>\n<p>Products developed by <strong>TermTech<\/strong> are continuously improved parallel to various technologies and are compatible with rules compliant to international standards for use of in-house and external integrated applications. The products provide easily managed and utilized solutions both for users and institutions while placing emphasis on security elements.<\/p>\n<p>In this context, <strong>TermTech<\/strong> aims to be a reliable business partner providing benefits for parties and generates new values with innovative approaches by facilitating life with information technologies.<\/p>\n<p><strong>TermTech<\/strong> puts great emphasis on team work and anticipates the changing needs of its customers while working continuously in order to provide new products and services for the purpose of meeting such needs.<\/p>\n<p>Adopting the principle of establishing relations both with its customers and its team based on honesty, transparency and trust, <strong>TermTech<\/strong> never concedes from company principles.<\/p>\n<\/div>\n<p>[\/vc_column_text][\/vc_column][\/vc_row][vc_row css_animation=&#8221;&#8221; row_type=&#8221;row&#8221; use_row_as_full_screen_section=&#8221;no&#8221; type=&#8221;full_width&#8221; angled_section=&#8221;no&#8221; text_align=&#8221;left&#8221; background_image_as_pattern=&#8221;without_pattern&#8221;][vc_column][vc_column_text]<\/p>\n<p>[\/vc_column_text][\/vc_column][\/vc_row]<\/p>\n","protected":false},"excerpt":{"rendered":"<p>[vc_row css_animation=&#8221;&#8221; row_type=&#8221;row&#8221; use_row_as_full_screen_section=&#8221;no&#8221; type=&#8221;full_width&#8221; angled_section=&#8221;no&#8221; text_align=&#8221;left&#8221; background_image_as_pattern=&#8221;without_pattern&#8221; el_class=&#8221;headerRow&#8221; z_index=&#8221;&#8221;][vc_column][vc_row_inner row_type=&#8221;row&#8221; type=&#8221;grid&#8221; text_align=&#8221;left&#8221; css_animation=&#8221;&#8221; el_class=&#8221;headerContentRow&#8221;][vc_column_inner][vc_column_text] ABOUT US [\/vc_column_text][\/vc_column_inner][\/vc_row_inner][\/vc_column][\/vc_row][vc_row css_animation=&#8221;element_from_right&#8221; row_type=&#8221;row&#8221; use_row_as_full_screen_section=&#8221;no&#8221; type=&#8221;grid&#8221; angled_section=&#8221;no&#8221; text_align=&#8221;left&#8221; background_image_as_pattern=&#8221;without_pattern&#8221; z_index=&#8221;&#8221; el_class=&#8221;contentRow&#8221;][vc_column width=&#8221;1\/2&#8243;][vc_single_image image=&#8221;620&#8243; img_size=&#8221;large&#8221; qode_css_animation=&#8221;&#8221; el_class=&#8221;imgResponsive&#8221;][\/vc_column][vc_column width=&#8221;1\/2&#8243;][vc_column_text] Active Solutions for Self Service Devices TermTech (a combination of Terminal and&#8230;<\/p>\n","protected":false},"author":1,"featured_media":37,"parent":0,"menu_order":0,"comment_status":"open","ping_status":"open","template":"","meta":[],"_links":{"self":[{"href":"https:\/\/termtech.com.tr\/index.php\/wp-json\/wp\/v2\/pages\/386"}],"collection":[{"href":"https:\/\/termtech.com.tr\/index.php\/wp-json\/wp\/v2\/pages"}],"about":[{"href":"https:\/\/termtech.com.tr\/index.php\/wp-json\/wp\/v2\/types\/page"}],"author":[{"embeddable":true,"href":"https:\/\/termtech.com.tr\/index.php\/wp-json\/wp\/v2\/users\/1"}],"replies":[{"embeddable":true,"href":"https:\/\/termtech.com.tr\/index.php\/wp-json\/wp\/v2\/comments?post=386"}],"version-history":[{"count":6,"href":"https:\/\/termtech.com.tr\/index.php\/wp-json\/wp\/v2\/pages\/386\/revisions"}],"predecessor-version":[{"id":950,"href":"https:\/\/termtech.com.tr\/index.php\/wp-json\/wp\/v2\/pages\/386\/revisions\/950"}],"wp:featuredmedia":[{"embeddable":true,"href":"https:\/\/termtech.com.tr\/index.php\/wp-json\/wp\/v2\/media\/37"}],"wp:attachment":[{"href":"https:\/\/termtech.com.tr\/index.php\/wp-json\/wp\/v2\/media?parent=386"}],"curies":[{"name":"wp","href":"https:\/\/api.w.org\/{rel}","templated":true}]}}