{"id":375,"date":"2016-10-11T17:03:32","date_gmt":"2016-10-11T14:03:32","guid":{"rendered":"http:\/\/termtech.com.tr\/?page_id=375"},"modified":"2021-03-02T16:47:49","modified_gmt":"2021-03-02T13:47:49","slug":"home","status":"publish","type":"page","link":"https:\/\/termtech.com.tr\/index.php\/language\/en\/","title":{"rendered":"Home"},"content":{"rendered":"<p>[vc_row css_animation=&#8221;&#8221; row_type=&#8221;row&#8221; use_row_as_full_screen_section=&#8221;no&#8221; type=&#8221;full_width&#8221; angled_section=&#8221;no&#8221; text_align=&#8221;left&#8221; background_image_as_pattern=&#8221;without_pattern&#8221; el_class=&#8221;headerRow withSection&#8221; z_index=&#8221;&#8221;][vc_column][\/vc_column][\/vc_row][vc_row css_animation=&#8221;element_from_left&#8221; row_type=&#8221;row&#8221; use_row_as_full_screen_section=&#8221;no&#8221; type=&#8221;grid&#8221; angled_section=&#8221;no&#8221; text_align=&#8221;left&#8221; background_image_as_pattern=&#8221;without_pattern&#8221; el_class=&#8221;contentRow&#8221; z_index=&#8221;&#8221;][vc_column width=&#8221;1\/2&#8243;][vc_column_text]<\/p>\n<div class=\"contentBlock\">\n<h3 class=\"contentTitle\">Active Solutions for Self Service Devices<\/h3>\n<p><strong>TermTech<\/strong> (a combination of Terminal and Technology words), is a company established in 2006 aiming to produce products providing management of ATM and Kiosk terminals especially for security purposes. Besides all those products, <strong>TermTech<\/strong> continues its research and development activities in order to provide facilitating products for institutions with a broad customer base.<\/p>\n<p><a class=\"qbutton\" href=\"https:\/\/termtech.com.tr\/index.php\/language\/en\/about-us\/\">CONTINUE<\/a><\/p>\n<\/div>\n<p>[\/vc_column_text][\/vc_column][vc_column width=&#8221;1\/2&#8243;][vc_single_image image=&#8221;618&#8243; img_size=&#8221;large&#8221; alignment=&#8221;right&#8221; qode_css_animation=&#8221;&#8221; el_class=&#8221;imgResponsive&#8221;][\/vc_column][\/vc_row][vc_row css_animation=&#8221;&#8221; row_type=&#8221;row&#8221; use_row_as_full_screen_section=&#8221;no&#8221; type=&#8221;grid&#8221; angled_section=&#8221;no&#8221; text_align=&#8221;center&#8221; background_image_as_pattern=&#8221;without_pattern&#8221; padding_top=&#8221;50&#8243; padding_bottom=&#8221;20&#8243; z_index=&#8221;&#8221; el_class=&#8221;contentRow&#8221;][vc_column][vc_column_text]<\/p>\n<h4 class=\"centeredMotto\">IMPROVE ATM PERFORMANCE, EFFICIENCY AND SECURITY<\/h4>\n<p>[\/vc_column_text][\/vc_column][\/vc_row][vc_row css_animation=&#8221;element_from_right&#8221; row_type=&#8221;row&#8221; use_row_as_full_screen_section=&#8221;no&#8221; type=&#8221;grid&#8221; angled_section=&#8221;no&#8221; text_align=&#8221;left&#8221; background_image_as_pattern=&#8221;without_pattern&#8221; padding_top=&#8221;50&#8243; z_index=&#8221;&#8221;][vc_column offset=&#8221;vc_col-lg-4 vc_col-md-4&#8243;]<div class='q_icon_with_title tiny normal_icon '><div class=\"icon_holder \" style=\" \"><span data-icon-type=\"normal\"   style=\"font-size: 40px;\" class=\"qode_iwt_icon_holder q_font_awsome_icon fa-lg  \"><i class=\"qodef-icon-linea-icon icon-basic-server2 qode_iwt_icon_element\" style=\"color: #99d02e;\" ><\/i><\/span><\/div><div class=\"icon_text_holder\" style=\"padding-left:72px;\"><div class=\"icon_text_inner\" style=\"\"><h6 class=\"icon_title\" style=\"color: #262626;font-weight: 500;\">SOFTWARE SOLUTIONS<\/h6>[vc_separator type=\"small\" position=\"left\" color=\"\" thickness=\"2\" width=\"20\" up=\"7\" down=\"21\"]<p style=''>For all institutions that want to ensure that ATM can serve the customer as a whole in real time ...<\/p><a itemprop='url' class='icon_with_title_link' href='https:\/\/termtech.com.tr\/index.php\/en\/ttp-termtech-prime-online-suite-en\/' target='_self' style='color: #303030;'>READ MORE<\/a><\/div><\/div><\/div>[vc_separator type=&#8221;transparent&#8221; thickness=&#8221;0&#8243; up=&#8221;27&#8243; down=&#8221;0&#8243;][\/vc_column][vc_column offset=&#8221;vc_col-lg-4 vc_col-md-4&#8243;]<div class='q_icon_with_title tiny normal_icon '><div class=\"icon_holder \" style=\" \"><span data-icon-type=\"normal\"   style=\"font-size: 40px;\" class=\"qode_iwt_icon_holder q_font_awsome_icon fa-lg  \"><i class=\"qodef-icon-linea-icon icon-basic-server-cloud qode_iwt_icon_element\" style=\"color: #99d02e;\" ><\/i><\/span><\/div><div class=\"icon_text_holder\" style=\"padding-left:72px;\"><div class=\"icon_text_inner\" style=\"\"><h6 class=\"icon_title\" style=\"color: #262626;font-weight: 500;\">HARDWARE SOLUTIONS<\/h6>[vc_separator type=\"small\" position=\"left\" color=\"\" thickness=\"2\" width=\"20\" up=\"7\" down=\"21\"]<p style=''>TermTech is able to meet the needs with its powerful software products as well as hardware R &amp; D studies for ATM and payment world ...<\/p><a itemprop='url' class='icon_with_title_link' href='https:\/\/termtech.com.tr\/index.php\/en\/tti-termtech-interior-atm-kiosk-environment-suite-en\/' target='_self' style='color: #303030;'>READ MORE<\/a><\/div><\/div><\/div>[vc_separator type=&#8221;transparent&#8221; thickness=&#8221;0&#8243; up=&#8221;27&#8243; down=&#8221;0&#8243;][\/vc_column][vc_column offset=&#8221;vc_col-lg-4 vc_col-md-4&#8243;]<div class='q_icon_with_title tiny normal_icon '><div class=\"icon_holder \" style=\" \"><span data-icon-type=\"normal\"   style=\"font-size: 40px;\" class=\"qode_iwt_icon_holder q_font_awsome_icon fa-lg  \"><i class=\"qodef-icon-linea-icon icon-basic-signs qode_iwt_icon_element\" style=\"color: #e7c662;\" ><\/i><\/span><\/div><div class=\"icon_text_holder\" style=\"padding-left:72px;\"><div class=\"icon_text_inner\" style=\"\"><h6 class=\"icon_title\" style=\"color: #262626;font-weight: 500;\">CONSULTANCY SERVICES<\/h6>[vc_separator type=\"small\" position=\"left\" color=\"\" thickness=\"2\" width=\"20\" up=\"7\" down=\"21\"]<p style=''>With our prominent experience in ATM industry, we provide consultancy services to meet requirements of institutions.<\/p><a itemprop='url' class='icon_with_title_link' href='https:\/\/termtech.com.tr\/index.php\/en\/termtech-consultancy-services\/' target='_self' style='color: #303030;'>READ MORE<\/a><\/div><\/div><\/div>[vc_separator type=&#8221;transparent&#8221; thickness=&#8221;0&#8243; up=&#8221;27&#8243; down=&#8221;0&#8243;][\/vc_column][\/vc_row][vc_row css_animation=&#8221;element_from_right&#8221; row_type=&#8221;row&#8221; use_row_as_full_screen_section=&#8221;no&#8221; type=&#8221;grid&#8221; angled_section=&#8221;no&#8221; text_align=&#8221;left&#8221; background_image_as_pattern=&#8221;without_pattern&#8221; z_index=&#8221;&#8221;][vc_column offset=&#8221;vc_col-lg-4 vc_col-md-4&#8243;]<div class='q_icon_with_title tiny normal_icon '><div class=\"icon_holder \" style=\" \"><span data-icon-type=\"normal\"   style=\"font-size: 40px;\" class=\"qode_iwt_icon_holder q_font_awsome_icon fa-lg  \"><i class=\"qodef-icon-linea-icon icon-basic-share qode_iwt_icon_element\" style=\"color: #007eff;\" ><\/i><\/span><\/div><div class=\"icon_text_holder\" style=\"padding-left:72px;\"><div class=\"icon_text_inner\" style=\"\"><h6 class=\"icon_title\" style=\"color: #262626;font-weight: 500;\">PROJECT MANAGEMENT<\/h6>[vc_separator type=\"small\" position=\"left\" color=\"\" thickness=\"2\" width=\"20\" up=\"7\" down=\"21\"]<p style=''>You can benefit from our sector experience over 20 years and professional assistance for management of your projects.<\/p><a itemprop='url' class='icon_with_title_link' href='https:\/\/termtech.com.tr\/index.php\/en\/termtech-project-management-services\/' target='_self' style='color: #303030;'>READ MORE<\/a><\/div><\/div><\/div>[vc_separator type=&#8221;transparent&#8221; thickness=&#8221;0&#8243; up=&#8221;27&#8243; down=&#8221;0&#8243;][\/vc_column][vc_column offset=&#8221;vc_col-lg-4 vc_col-md-4&#8243;]<div class='q_icon_with_title tiny normal_icon '><div class=\"icon_holder \" style=\" \"><span data-icon-type=\"normal\"   style=\"font-size: 40px;\" class=\"qode_iwt_icon_holder q_font_awsome_icon fa-lg  \"><i class=\"qodef-icon-linea-icon icon-basic-settings qode_iwt_icon_element\" style=\"color: #cb0016;\" ><\/i><\/span><\/div><div class=\"icon_text_holder\" style=\"padding-left:72px;\"><div class=\"icon_text_inner\" style=\"\"><h6 class=\"icon_title\" style=\"color: #262626;font-weight: 500;\">ONSITE PROFESSIONAL SERVICES<\/h6>[vc_separator type=\"small\" position=\"left\" color=\"\" thickness=\"2\" width=\"20\" up=\"7\" down=\"21\"]<p style=''>When you don\u2019t have enough human resources to execute your projects, just call us...<\/p><a itemprop='url' class='icon_with_title_link' href='https:\/\/termtech.com.tr\/index.php\/en\/termtech-onsite-professional-services\/' target='_self' style='color: #303030;'>READ MORE<\/a><\/div><\/div><\/div>[vc_separator type=&#8221;transparent&#8221; thickness=&#8221;0&#8243; up=&#8221;27&#8243; down=&#8221;0&#8243;][\/vc_column][vc_column offset=&#8221;vc_col-lg-4 vc_col-md-4&#8243;][vc_separator type=&#8221;transparent&#8221; thickness=&#8221;0&#8243; up=&#8221;27&#8243; down=&#8221;0&#8243;][\/vc_column][\/vc_row][vc_row css_animation=&#8221;&#8221; row_type=&#8221;row&#8221; use_row_as_full_screen_section=&#8221;no&#8221; type=&#8221;full_width&#8221; angled_section=&#8221;no&#8221; text_align=&#8221;left&#8221; background_image_as_pattern=&#8221;without_pattern&#8221; el_class=&#8221;contentRow&#8221; z_index=&#8221;&#8221;][vc_column][vc_column_text]<\/p>\n<h4 style=\"text-align: center; letter-spacing: 1px; font-weight: 500; font-size: 22px;\">TERMTECH BLOG<\/h4>\n<p>[\/vc_column_text][vc_separator type=&#8221;small&#8221; position=&#8221;center&#8221; color=&#8221;#303030&#8243;][\/vc_column][\/vc_row][vc_row css_animation=&#8221;&#8221; row_type=&#8221;row&#8221; use_row_as_full_screen_section=&#8221;no&#8221; type=&#8221;grid&#8221; angled_section=&#8221;no&#8221; text_align=&#8221;left&#8221; background_image_as_pattern=&#8221;without_pattern&#8221; z_index=&#8221;&#8221; el_class=&#8221;lastRow&#8221;][vc_column]<div class='latest_post_two_holder four_columns'><ul><li class=\"clearfix\"><div class=\"latest_post_two_image\"><a itemprop=\"url\" href=\"https:\/\/termtech.com.tr\/index.php\/atmlerde-musteri-gozunden-guvenlik\/\"><img width=\"600\" height=\"400\" src=\"https:\/\/termtech.com.tr\/wp-content\/uploads\/2019\/05\/Blog002-600x400.jpg\" class=\"attachment-portfolio-portrait size-portfolio-portrait wp-post-image\" alt=\"\" loading=\"lazy\" \/><\/a><\/div><div class=\"latest_post_two_inner\" ><div class=\"latest_post_two_text\"><h5 itemprop=\"name\" class=\"latest_post_two_title entry_title\"><a itemprop=\"url\" href=\"https:\/\/termtech.com.tr\/index.php\/atmlerde-musteri-gozunden-guvenlik\/\" >ATM\u2019lerde m\u00fc\u015fteri g\u00f6z\u00fcnden g\u00fcvenlik<\/a><\/h5><div class=\"separator small left \" ><\/div><p itemprop=\"description\" class=\"latest_post_two_excerpt\" >Avrupa\u2019da ge\u00e7ti\u011fimiz g\u00fcnlerde ya\u015fanan a\u011f sorunu nedeniyle kredi kart\u0131 kullan\u0131m\u0131n\u0131n ge\u00e7ici olarak dur<\/p><\/div><div class=\"latest_post_two_info\" ><div class=\"latest_post_two_info_inner\" ><div class=\"post_info_author\"><img alt='Author Image' src='https:\/\/secure.gravatar.com\/avatar\/cdece2027a5a7236cd7cf5d41a55317c?s=30&#038;d=mm&#038;r=g' srcset='https:\/\/secure.gravatar.com\/avatar\/cdece2027a5a7236cd7cf5d41a55317c?s=60&#038;d=mm&#038;r=g 2x' class='avatar avatar-30 photo' height='30' width='30' loading='lazy'\/><span class=\"post_info_author_name\">Termtech<\/span><\/div><div itemprop=\"dateCreated\" class=\"post_info_date entry_date updated\">03 May\u0131s, 2019<meta itemprop=\"interactionCount\" content=\"UserComments: <?php echo get_comments_number(qode_get_page_id()); ?>\"\/><\/div><\/div><\/div><\/div><\/li><li class=\"clearfix\"><div class=\"latest_post_two_image\"><a itemprop=\"url\" href=\"https:\/\/termtech.com.tr\/index.php\/atmlerde-saskinlik-yaratan-dolandiricilik-yontemi\/\"><img width=\"600\" height=\"400\" src=\"https:\/\/termtech.com.tr\/wp-content\/uploads\/2019\/05\/Blog001-1-600x400.jpg\" class=\"attachment-portfolio-portrait size-portfolio-portrait wp-post-image\" alt=\"\" loading=\"lazy\" \/><\/a><\/div><div class=\"latest_post_two_inner\" ><div class=\"latest_post_two_text\"><h5 itemprop=\"name\" class=\"latest_post_two_title entry_title\"><a itemprop=\"url\" href=\"https:\/\/termtech.com.tr\/index.php\/atmlerde-saskinlik-yaratan-dolandiricilik-yontemi\/\" >ATM&#8217;lerde \u015fa\u015fk\u0131nl\u0131k yaratan doland\u0131r\u0131c\u0131l\u0131k y\u00f6ntemi<\/a><\/h5><div class=\"separator small left \" ><\/div><p itemprop=\"description\" class=\"latest_post_two_excerpt\" >Bursa Siber Su\u00e7larla M\u00fccadele M\u00fcd\u00fcrl\u00fc\u011f\u00fc Ba\u015fkomiseri Suat Dilber, \u201cATM\u2019lere kart kopyalama cihaz\u0131 tak<\/p><\/div><div class=\"latest_post_two_info\" ><div class=\"latest_post_two_info_inner\" ><div class=\"post_info_author\"><img alt='Author Image' src='https:\/\/secure.gravatar.com\/avatar\/cdece2027a5a7236cd7cf5d41a55317c?s=30&#038;d=mm&#038;r=g' srcset='https:\/\/secure.gravatar.com\/avatar\/cdece2027a5a7236cd7cf5d41a55317c?s=60&#038;d=mm&#038;r=g 2x' class='avatar avatar-30 photo' height='30' width='30' loading='lazy'\/><span class=\"post_info_author_name\">Termtech<\/span><\/div><div itemprop=\"dateCreated\" class=\"post_info_date entry_date updated\">03 May\u0131s, 2019<meta itemprop=\"interactionCount\" content=\"UserComments: <?php echo get_comments_number(qode_get_page_id()); ?>\"\/><\/div><\/div><\/div><\/div><\/li><\/ul><\/div>[\/vc_column][\/vc_row]<\/p>\n","protected":false},"excerpt":{"rendered":"<p>[vc_row css_animation=&#8221;&#8221; row_type=&#8221;row&#8221; use_row_as_full_screen_section=&#8221;no&#8221; type=&#8221;full_width&#8221; angled_section=&#8221;no&#8221; text_align=&#8221;left&#8221; background_image_as_pattern=&#8221;without_pattern&#8221; el_class=&#8221;headerRow withSection&#8221; z_index=&#8221;&#8221;][vc_column][\/vc_column][\/vc_row][vc_row css_animation=&#8221;element_from_left&#8221; row_type=&#8221;row&#8221; use_row_as_full_screen_section=&#8221;no&#8221; type=&#8221;grid&#8221; angled_section=&#8221;no&#8221; text_align=&#8221;left&#8221; background_image_as_pattern=&#8221;without_pattern&#8221; el_class=&#8221;contentRow&#8221; z_index=&#8221;&#8221;][vc_column width=&#8221;1\/2&#8243;][vc_column_text] Active Solutions for Self Service Devices TermTech (a combination of Terminal and Technology words), is a company established in 2006 aiming to produce products&#8230;<\/p>\n","protected":false},"author":1,"featured_media":0,"parent":0,"menu_order":0,"comment_status":"closed","ping_status":"open","template":"full_width.php","meta":[],"_links":{"self":[{"href":"https:\/\/termtech.com.tr\/index.php\/wp-json\/wp\/v2\/pages\/375"}],"collection":[{"href":"https:\/\/termtech.com.tr\/index.php\/wp-json\/wp\/v2\/pages"}],"about":[{"href":"https:\/\/termtech.com.tr\/index.php\/wp-json\/wp\/v2\/types\/page"}],"author":[{"embeddable":true,"href":"https:\/\/termtech.com.tr\/index.php\/wp-json\/wp\/v2\/users\/1"}],"replies":[{"embeddable":true,"href":"https:\/\/termtech.com.tr\/index.php\/wp-json\/wp\/v2\/comments?post=375"}],"version-history":[{"count":9,"href":"https:\/\/termtech.com.tr\/index.php\/wp-json\/wp\/v2\/pages\/375\/revisions"}],"predecessor-version":[{"id":1191,"href":"https:\/\/termtech.com.tr\/index.php\/wp-json\/wp\/v2\/pages\/375\/revisions\/1191"}],"wp:attachment":[{"href":"https:\/\/termtech.com.tr\/index.php\/wp-json\/wp\/v2\/media?parent=375"}],"curies":[{"name":"wp","href":"https:\/\/api.w.org\/{rel}","templated":true}]}}